{"id":28,"date":"2023-01-04T13:34:30","date_gmt":"2023-01-04T13:34:30","guid":{"rendered":"https:\/\/coiffeurchristine.de\/?page_id=28"},"modified":"2024-10-27T17:23:41","modified_gmt":"2024-10-27T17:23:41","slug":"kinder","status":"publish","type":"page","link":"https:\/\/coiffeurchristine.de\/index.php\/kinder\/","title":{"rendered":"Kinder"},"content":{"rendered":"\n<h2 class=\"wp-block-heading has-text-align-center\">Kinderhaarschnitte mit Herz und Geduld<\/h2>\n\n\n\n<p><\/p>\n\n\n\n<figure class=\"wp-block-gallery has-nested-images columns-default is-cropped wp-block-gallery-1 is-layout-flex wp-block-gallery-is-layout-flex\">\n<figure class=\"wp-block-image size-large is-style-rounded\"><img loading=\"lazy\" decoding=\"async\" width=\"498\" height=\"1024\" data-id=\"109\" src=\"https:\/\/coiffeurchristine.de\/wp-content\/uploads\/2024\/10\/WhatsApp-Image-2024-10-20-at-11.58.46-498x1024.jpeg\" alt=\"\" class=\"wp-image-109\" srcset=\"https:\/\/coiffeurchristine.de\/wp-content\/uploads\/2024\/10\/WhatsApp-Image-2024-10-20-at-11.58.46-498x1024.jpeg 498w, https:\/\/coiffeurchristine.de\/wp-content\/uploads\/2024\/10\/WhatsApp-Image-2024-10-20-at-11.58.46-146x300.jpeg 146w, https:\/\/coiffeurchristine.de\/wp-content\/uploads\/2024\/10\/WhatsApp-Image-2024-10-20-at-11.58.46-768x1580.jpeg 768w, https:\/\/coiffeurchristine.de\/wp-content\/uploads\/2024\/10\/WhatsApp-Image-2024-10-20-at-11.58.46-747x1536.jpeg 747w, https:\/\/coiffeurchristine.de\/wp-content\/uploads\/2024\/10\/WhatsApp-Image-2024-10-20-at-11.58.46.jpeg 980w\" sizes=\"auto, (max-width: 498px) 100vw, 498px\" \/><\/figure>\n\n\n\n<figure class=\"wp-block-image size-large is-style-rounded\"><img loading=\"lazy\" decoding=\"async\" width=\"498\" height=\"1024\" data-id=\"110\" src=\"https:\/\/coiffeurchristine.de\/wp-content\/uploads\/2024\/10\/WhatsApp-Image-2024-10-20-at-11.58.45-498x1024.jpeg\" alt=\"\" class=\"wp-image-110\" srcset=\"https:\/\/coiffeurchristine.de\/wp-content\/uploads\/2024\/10\/WhatsApp-Image-2024-10-20-at-11.58.45-498x1024.jpeg 498w, https:\/\/coiffeurchristine.de\/wp-content\/uploads\/2024\/10\/WhatsApp-Image-2024-10-20-at-11.58.45-146x300.jpeg 146w, https:\/\/coiffeurchristine.de\/wp-content\/uploads\/2024\/10\/WhatsApp-Image-2024-10-20-at-11.58.45-768x1580.jpeg 768w, https:\/\/coiffeurchristine.de\/wp-content\/uploads\/2024\/10\/WhatsApp-Image-2024-10-20-at-11.58.45-747x1536.jpeg 747w, https:\/\/coiffeurchristine.de\/wp-content\/uploads\/2024\/10\/WhatsApp-Image-2024-10-20-at-11.58.45.jpeg 980w\" sizes=\"auto, (max-width: 498px) 100vw, 498px\" \/><\/figure>\n<\/figure>\n\n\n\n<p class=\"has-text-align-center has-black-color has-text-color has-link-color wp-elements-8731bf518c135efd1e79ec031afc59b0\"><strong>Bei uns steht das Wohl jedes kleinen Kunden im Mittelpunkt! Wir wissen, dass der erste Haarschnitt oder auch das regelm\u00e4\u00dfige Schneiden f\u00fcr Kinder oft etwas Besonderes ist. Mit viel Geduld und einem freundlichen L\u00e4cheln schaffen wir eine angenehme Atmosph\u00e4re, in der sich Kinder wohl und sicher f\u00fchlen. Egal, ob es ein fr\u00f6hlicher Schnitt f\u00fcr den Kindergarten oder eine schicke Frisur f\u00fcr einen besonderen Anlass ist \u2013 wir freuen uns darauf, kleine G\u00e4ste und ihre Eltern herzlich willkommen zu hei\u00dfen!<\/strong><\/p>\n\n\n\n<p><\/p>\n","protected":false},"excerpt":{"rendered":"<p>Kinderhaarschnitte mit Herz und Geduld Bei uns steht das Wohl jedes kleinen Kunden im Mittelpunkt! Wir wissen, dass der erste Haarschnitt oder auch das regelm\u00e4\u00dfige Schneiden f\u00fcr Kinder oft etwas Besonderes ist. Mit viel Geduld und einem freundlichen L\u00e4cheln schaffen wir eine angenehme Atmosph\u00e4re, in der sich Kinder wohl und sicher f\u00fchlen. Egal, ob es [&hellip;]<\/p>\n","protected":false},"author":1,"featured_media":0,"parent":0,"menu_order":0,"comment_status":"closed","ping_status":"closed","template":"templates\/template_page-full-width.php","meta":{"footnotes":""},"class_list":["post-28","page","type-page","status-publish","hentry"],"yoast_head":"<!-- This site is optimized with the Yoast SEO plugin v27.5 - https:\/\/yoast.com\/product\/yoast-seo-wordpress\/ -->\n<title>Kinder - Coiffeur Christine<\/title>\n<meta name=\"robots\" content=\"index, follow, max-snippet:-1, max-image-preview:large, max-video-preview:-1\" \/>\n<link rel=\"canonical\" href=\"https:\/\/coiffeurchristine.de\/index.php\/kinder\/\" \/>\n<meta property=\"og:locale\" content=\"de_DE\" \/>\n<meta property=\"og:type\" content=\"article\" \/>\n<meta property=\"og:title\" content=\"Kinder - Coiffeur Christine\" \/>\n<meta property=\"og:description\" content=\"Kinderhaarschnitte mit Herz und Geduld Bei uns steht das Wohl jedes kleinen Kunden im Mittelpunkt! Wir wissen, dass der erste Haarschnitt oder auch das regelm\u00e4\u00dfige Schneiden f\u00fcr Kinder oft etwas Besonderes ist. Mit viel Geduld und einem freundlichen L\u00e4cheln schaffen wir eine angenehme Atmosph\u00e4re, in der sich Kinder wohl und sicher f\u00fchlen. Egal, ob es [&hellip;]\" \/>\n<meta property=\"og:url\" content=\"https:\/\/coiffeurchristine.de\/index.php\/kinder\/\" \/>\n<meta property=\"og:site_name\" content=\"Coiffeur Christine\" \/>\n<meta property=\"article:modified_time\" content=\"2024-10-27T17:23:41+00:00\" \/>\n<meta property=\"og:image\" content=\"https:\/\/coiffeurchristine.de\/wp-content\/uploads\/2024\/10\/WhatsApp-Image-2024-10-20-at-11.58.46.jpeg\" \/>\n\t<meta property=\"og:image:width\" content=\"980\" \/>\n\t<meta property=\"og:image:height\" content=\"2016\" \/>\n\t<meta property=\"og:image:type\" content=\"image\/jpeg\" \/>\n<meta name=\"twitter:card\" content=\"summary_large_image\" \/>\n<meta name=\"twitter:label1\" content=\"Gesch\u00e4tzte Lesezeit\" \/>\n\t<meta name=\"twitter:data1\" content=\"1\u00a0Minute\" \/>\n<script type=\"application\/ld+json\" class=\"yoast-schema-graph\">{\"@context\":\"https:\\\/\\\/schema.org\",\"@graph\":[{\"@type\":\"WebPage\",\"@id\":\"https:\\\/\\\/coiffeurchristine.de\\\/index.php\\\/kinder\\\/\",\"url\":\"https:\\\/\\\/coiffeurchristine.de\\\/index.php\\\/kinder\\\/\",\"name\":\"Kinder - Coiffeur Christine\",\"isPartOf\":{\"@id\":\"https:\\\/\\\/coiffeurchristine.de\\\/#website\"},\"primaryImageOfPage\":{\"@id\":\"https:\\\/\\\/coiffeurchristine.de\\\/index.php\\\/kinder\\\/#primaryimage\"},\"image\":{\"@id\":\"https:\\\/\\\/coiffeurchristine.de\\\/index.php\\\/kinder\\\/#primaryimage\"},\"thumbnailUrl\":\"https:\\\/\\\/coiffeurchristine.de\\\/wp-content\\\/uploads\\\/2024\\\/10\\\/WhatsApp-Image-2024-10-20-at-11.58.46-498x1024.jpeg\",\"datePublished\":\"2023-01-04T13:34:30+00:00\",\"dateModified\":\"2024-10-27T17:23:41+00:00\",\"breadcrumb\":{\"@id\":\"https:\\\/\\\/coiffeurchristine.de\\\/index.php\\\/kinder\\\/#breadcrumb\"},\"inLanguage\":\"de\",\"potentialAction\":[{\"@type\":\"ReadAction\",\"target\":[\"https:\\\/\\\/coiffeurchristine.de\\\/index.php\\\/kinder\\\/\"]}]},{\"@type\":\"ImageObject\",\"inLanguage\":\"de\",\"@id\":\"https:\\\/\\\/coiffeurchristine.de\\\/index.php\\\/kinder\\\/#primaryimage\",\"url\":\"https:\\\/\\\/coiffeurchristine.de\\\/wp-content\\\/uploads\\\/2024\\\/10\\\/WhatsApp-Image-2024-10-20-at-11.58.46.jpeg\",\"contentUrl\":\"https:\\\/\\\/coiffeurchristine.de\\\/wp-content\\\/uploads\\\/2024\\\/10\\\/WhatsApp-Image-2024-10-20-at-11.58.46.jpeg\",\"width\":980,\"height\":2016},{\"@type\":\"BreadcrumbList\",\"@id\":\"https:\\\/\\\/coiffeurchristine.de\\\/index.php\\\/kinder\\\/#breadcrumb\",\"itemListElement\":[{\"@type\":\"ListItem\",\"position\":1,\"name\":\"Startseite\",\"item\":\"https:\\\/\\\/coiffeurchristine.de\\\/\"},{\"@type\":\"ListItem\",\"position\":2,\"name\":\"Kinder\"}]},{\"@type\":\"WebSite\",\"@id\":\"https:\\\/\\\/coiffeurchristine.de\\\/#website\",\"url\":\"https:\\\/\\\/coiffeurchristine.de\\\/\",\"name\":\"Coiffeur Christine\",\"description\":\"\",\"potentialAction\":[{\"@type\":\"SearchAction\",\"target\":{\"@type\":\"EntryPoint\",\"urlTemplate\":\"https:\\\/\\\/coiffeurchristine.de\\\/?s={search_term_string}\"},\"query-input\":{\"@type\":\"PropertyValueSpecification\",\"valueRequired\":true,\"valueName\":\"search_term_string\"}}],\"inLanguage\":\"de\"}]}<\/script>\n<!-- \/ Yoast SEO plugin. -->","yoast_head_json":{"title":"Kinder - Coiffeur Christine","robots":{"index":"index","follow":"follow","max-snippet":"max-snippet:-1","max-image-preview":"max-image-preview:large","max-video-preview":"max-video-preview:-1"},"canonical":"https:\/\/coiffeurchristine.de\/index.php\/kinder\/","og_locale":"de_DE","og_type":"article","og_title":"Kinder - Coiffeur Christine","og_description":"Kinderhaarschnitte mit Herz und Geduld Bei uns steht das Wohl jedes kleinen Kunden im Mittelpunkt! Wir wissen, dass der erste Haarschnitt oder auch das regelm\u00e4\u00dfige Schneiden f\u00fcr Kinder oft etwas Besonderes ist. Mit viel Geduld und einem freundlichen L\u00e4cheln schaffen wir eine angenehme Atmosph\u00e4re, in der sich Kinder wohl und sicher f\u00fchlen. Egal, ob es [&hellip;]","og_url":"https:\/\/coiffeurchristine.de\/index.php\/kinder\/","og_site_name":"Coiffeur Christine","article_modified_time":"2024-10-27T17:23:41+00:00","og_image":[{"width":980,"height":2016,"url":"https:\/\/coiffeurchristine.de\/wp-content\/uploads\/2024\/10\/WhatsApp-Image-2024-10-20-at-11.58.46.jpeg","type":"image\/jpeg"}],"twitter_card":"summary_large_image","twitter_misc":{"Gesch\u00e4tzte Lesezeit":"1\u00a0Minute"},"schema":{"@context":"https:\/\/schema.org","@graph":[{"@type":"WebPage","@id":"https:\/\/coiffeurchristine.de\/index.php\/kinder\/","url":"https:\/\/coiffeurchristine.de\/index.php\/kinder\/","name":"Kinder - Coiffeur Christine","isPartOf":{"@id":"https:\/\/coiffeurchristine.de\/#website"},"primaryImageOfPage":{"@id":"https:\/\/coiffeurchristine.de\/index.php\/kinder\/#primaryimage"},"image":{"@id":"https:\/\/coiffeurchristine.de\/index.php\/kinder\/#primaryimage"},"thumbnailUrl":"https:\/\/coiffeurchristine.de\/wp-content\/uploads\/2024\/10\/WhatsApp-Image-2024-10-20-at-11.58.46-498x1024.jpeg","datePublished":"2023-01-04T13:34:30+00:00","dateModified":"2024-10-27T17:23:41+00:00","breadcrumb":{"@id":"https:\/\/coiffeurchristine.de\/index.php\/kinder\/#breadcrumb"},"inLanguage":"de","potentialAction":[{"@type":"ReadAction","target":["https:\/\/coiffeurchristine.de\/index.php\/kinder\/"]}]},{"@type":"ImageObject","inLanguage":"de","@id":"https:\/\/coiffeurchristine.de\/index.php\/kinder\/#primaryimage","url":"https:\/\/coiffeurchristine.de\/wp-content\/uploads\/2024\/10\/WhatsApp-Image-2024-10-20-at-11.58.46.jpeg","contentUrl":"https:\/\/coiffeurchristine.de\/wp-content\/uploads\/2024\/10\/WhatsApp-Image-2024-10-20-at-11.58.46.jpeg","width":980,"height":2016},{"@type":"BreadcrumbList","@id":"https:\/\/coiffeurchristine.de\/index.php\/kinder\/#breadcrumb","itemListElement":[{"@type":"ListItem","position":1,"name":"Startseite","item":"https:\/\/coiffeurchristine.de\/"},{"@type":"ListItem","position":2,"name":"Kinder"}]},{"@type":"WebSite","@id":"https:\/\/coiffeurchristine.de\/#website","url":"https:\/\/coiffeurchristine.de\/","name":"Coiffeur Christine","description":"","potentialAction":[{"@type":"SearchAction","target":{"@type":"EntryPoint","urlTemplate":"https:\/\/coiffeurchristine.de\/?s={search_term_string}"},"query-input":{"@type":"PropertyValueSpecification","valueRequired":true,"valueName":"search_term_string"}}],"inLanguage":"de"}]}},"_links":{"self":[{"href":"https:\/\/coiffeurchristine.de\/index.php\/wp-json\/wp\/v2\/pages\/28","targetHints":{"allow":["GET"]}}],"collection":[{"href":"https:\/\/coiffeurchristine.de\/index.php\/wp-json\/wp\/v2\/pages"}],"about":[{"href":"https:\/\/coiffeurchristine.de\/index.php\/wp-json\/wp\/v2\/types\/page"}],"author":[{"embeddable":true,"href":"https:\/\/coiffeurchristine.de\/index.php\/wp-json\/wp\/v2\/users\/1"}],"replies":[{"embeddable":true,"href":"https:\/\/coiffeurchristine.de\/index.php\/wp-json\/wp\/v2\/comments?post=28"}],"version-history":[{"count":5,"href":"https:\/\/coiffeurchristine.de\/index.php\/wp-json\/wp\/v2\/pages\/28\/revisions"}],"predecessor-version":[{"id":116,"href":"https:\/\/coiffeurchristine.de\/index.php\/wp-json\/wp\/v2\/pages\/28\/revisions\/116"}],"wp:attachment":[{"href":"https:\/\/coiffeurchristine.de\/index.php\/wp-json\/wp\/v2\/media?parent=28"}],"curies":[{"name":"wp","href":"https:\/\/api.w.org\/{rel}","templated":true}]}}